{"id":4719,"date":"2015-12-18T17:24:03","date_gmt":"2015-12-18T17:24:03","guid":{"rendered":"http:\/\/democontent.outtheboxthemes.com\/citylogic\/?page_id=13"},"modified":"2022-03-16T17:35:12","modified_gmt":"2022-03-16T16:35:12","slug":"terms-conditions","status":"publish","type":"page","link":"https:\/\/mont-sur-meurthe.fr\/index.php\/terms-conditions\/","title":{"rendered":"Mentions l\u00e9gales"},"content":{"rendered":"<h2>Informations<\/h2>\n<p>Le site www.mont-sur-meurthe.fr est g\u00e9r\u00e9 par le service communication. Les mises \u00e0 jour du site sont assur\u00e9es par l\u2019ensemble des services de la commune.<\/p>\n<h2>Droit d\u2019auteur et reprise du contenu en ligne<\/h2>\n<p>Sous r\u00e9serve des exceptions l\u00e9gales, les contenus pr\u00e9sents sur le site sont la propri\u00e9t\u00e9 de la ville de Mont-sur-Meurthe. Ces contenus \u00e9tant prot\u00e9g\u00e9s par le droit d\u2019auteur, toute reproduction est en principe conditionn\u00e9e \u00e0 l\u2019accord de la commune de Mont-sur-Meurthe en vertu de l\u2019article L.122-4 de Code de la Propri\u00e9t\u00e9 Intellectuelle.<\/p>\n<p>Toutefois, les contenus mis \u00e0 disposition du public sur le site mont-sur-meurthe.fr peuvent \u00eatre reproduit de mani\u00e8re occasionnelle \u00e0 condition de citer la source \u00e0 la suite du contenu reproduit :<\/p>\n<ul>\n<li>Mention du site web duquel provient les contenus (ex: contenu publi\u00e9 sur le site mont-sur-meurthe.fr). Cette mention pointera directement (via un lien hypertexte) sur la page correspondante.<\/li>\n<li>Le logo de la commune de Mont-sur-Meurthe appartient \u00e0 la commune. Toute reproduction (totale ou partielle) ou modification (proportions, couleurs, \u00e9l\u00e9ments ou constituants) sans autorisation est interdite.<\/li>\n<li>Les photographies et vid\u00e9os pr\u00e9sentes sur le site mont-sur-meurthe.fr proviennent de sources diff\u00e9rentes. Les photos prises par la commune peuvent \u00eatre reproduites en mentionnant l\u2019auteur &amp; la source.<\/li>\n<li>Pour les autres, seuls les d\u00e9tenteurs des droits peuvent en autoriser la reproduction.<\/li>\n<\/ul>\n<h2>Droit d\u2019acc\u00e8s, de modification et de suppression<\/h2>\n<p>En vertu de l\u2019article 37 de la lois Informatique et Libert\u00e9s en date du 6 janvier 1978, vous disposez d\u2019un droit d\u2019acc\u00e8s, de rectification, de modification et de suppression concernant les donn\u00e9es qui vous concerne.<\/p>\n<p>Vous pouvez faire valoir ce droit en contactant la Mairie :<\/p>\n<ul>\n<li>Soit par ce formulaire de contact<\/li>\n<li>Soit par la voie postale<\/li>\n<\/ul>\n<p>Il est important de pr\u00e9ciser que dans les 2 cas, une justification de votre identit\u00e9 vous sera demand\u00e9e.<\/p>\n<h2>Cr\u00e9dits<\/h2>\n<p><strong>Photographies &amp; vid\u00e9os :<\/strong> Commune de Mont-sur-Meurthe.<br \/>\n<strong>R\u00e9alisation technique :<\/strong> Commune de Mont-sur-Meurthe.<br \/>\n<strong>Mise \u00e0 jour des contenus :<\/strong> Commune de Mont-sur-Meurthe.<br \/>\n<strong>R\u00e9alisation du site :<\/strong> Commune de Mont-sur-Meurthe.<\/p>\n<h2>Webmaster<\/h2>\n<p>Jonathan KURKIENCY<\/p>\n","protected":false},"excerpt":{"rendered":"<p>Informations Le site www.mont-sur-meurthe.fr est g\u00e9r\u00e9 par le service communication. Les mises \u00e0 jour du site sont assur\u00e9es par l\u2019ensemble des services de la commune. Droit d\u2019auteur et reprise du contenu en ligne Sous r\u00e9serve des exceptions l\u00e9gales, les contenus pr\u00e9sents sur le site sont la propri\u00e9t\u00e9 de la ville de Mont-sur-Meurthe. Ces contenus \u00e9tant <a href=\"https:\/\/mont-sur-meurthe.fr\/index.php\/terms-conditions\/\" class=\"read-more below\">READ MORE<\/a><\/p>\n","protected":false},"author":1,"featured_media":0,"parent":0,"menu_order":15,"comment_status":"closed","ping_status":"closed","template":"","meta":{"_monsterinsights_skip_tracking":false,"_monsterinsights_sitenote_active":false,"_monsterinsights_sitenote_note":"","_monsterinsights_sitenote_category":0,"_uf_show_specific_survey":0,"_uf_disable_surveys":false,"footnotes":""},"class_list":["post-4719","page","type-page","status-publish","hentry"],"aioseo_notices":[],"_links":{"self":[{"href":"https:\/\/mont-sur-meurthe.fr\/index.php\/wp-json\/wp\/v2\/pages\/4719","targetHints":{"allow":["GET"]}}],"collection":[{"href":"https:\/\/mont-sur-meurthe.fr\/index.php\/wp-json\/wp\/v2\/pages"}],"about":[{"href":"https:\/\/mont-sur-meurthe.fr\/index.php\/wp-json\/wp\/v2\/types\/page"}],"author":[{"embeddable":true,"href":"https:\/\/mont-sur-meurthe.fr\/index.php\/wp-json\/wp\/v2\/users\/1"}],"replies":[{"embeddable":true,"href":"https:\/\/mont-sur-meurthe.fr\/index.php\/wp-json\/wp\/v2\/comments?post=4719"}],"version-history":[{"count":3,"href":"https:\/\/mont-sur-meurthe.fr\/index.php\/wp-json\/wp\/v2\/pages\/4719\/revisions"}],"predecessor-version":[{"id":4895,"href":"https:\/\/mont-sur-meurthe.fr\/index.php\/wp-json\/wp\/v2\/pages\/4719\/revisions\/4895"}],"wp:attachment":[{"href":"https:\/\/mont-sur-meurthe.fr\/index.php\/wp-json\/wp\/v2\/media?parent=4719"}],"curies":[{"name":"wp","href":"https:\/\/api.w.org\/{rel}","templated":true}]}}