{"id":5119,"date":"2022-03-18T18:35:13","date_gmt":"2022-03-18T17:35:13","guid":{"rendered":"http:\/\/mont-sur-meurthe.fr\/?page_id=5119"},"modified":"2022-04-08T11:46:10","modified_gmt":"2022-04-08T09:46:10","slug":"carte-nationale-didentite-passeport","status":"publish","type":"page","link":"https:\/\/mont-sur-meurthe.fr\/index.php\/carte-nationale-didentite-passeport\/","title":{"rendered":"Carte Nationale d&rsquo;Identit\u00e9 \/ Passeport"},"content":{"rendered":"\n<h4 class=\"wp-block-heading\">Carte d&rsquo;identit\u00e9<\/h4>\n\n\n\n<div class=\"wp-block-image\"><figure class=\"aligncenter size-full\"><img fetchpriority=\"high\" decoding=\"async\" width=\"960\" height=\"450\" src=\"https:\/\/mont-sur-meurthe.fr\/wp-content\/uploads\/2022\/03\/La-nouvelle-carte-nationale-d-identite.jpg\" alt=\"\" class=\"wp-image-5750\" srcset=\"https:\/\/mont-sur-meurthe.fr\/wp-content\/uploads\/2022\/03\/La-nouvelle-carte-nationale-d-identite.jpg 960w, https:\/\/mont-sur-meurthe.fr\/wp-content\/uploads\/2022\/03\/La-nouvelle-carte-nationale-d-identite-300x141.jpg 300w, https:\/\/mont-sur-meurthe.fr\/wp-content\/uploads\/2022\/03\/La-nouvelle-carte-nationale-d-identite-768x360.jpg 768w, https:\/\/mont-sur-meurthe.fr\/wp-content\/uploads\/2022\/03\/La-nouvelle-carte-nationale-d-identite-600x281.jpg 600w\" sizes=\"(max-width: 960px) 100vw, 960px\" \/><\/figure><\/div>\n\n\n\n<p>Retirer un dossier dans votre mairie.<\/p>\n\n\n\n<p>Pi\u00e8ces \u00e0 fournir&nbsp;<strong>pour toute demande<\/strong>&nbsp;:<\/p>\n\n\n\n<ul class=\"wp-block-list\"><li>2 photos d&rsquo;identit\u00e9<\/li><li>1 justificatif de domicile<\/li><li>la copie d&rsquo;une pi\u00e8ce d&rsquo;identit\u00e9<\/li><li>acte de naissance (si 1\u00e8re demande)<\/li><li>d\u00e9claration de perte\/vol et timbre fiscal \u00e0 25\u20ac (uniquement en cas de perte\/vol)<\/li><li>photocopie des cartes d&rsquo;identit\u00e9 des parents (si mineur)&nbsp;<\/li><\/ul>\n\n\n\n<p><strong>D\u00e9p\u00f4t du dossier et Empreintes<\/strong>\u00a0\u00e0 faire en mairie de\u00a0<strong>Lun\u00e9ville<\/strong>.<\/p>\n\n\n\n<p>Vous pouvez \u00e9galement pr\u00e9remplir un formulaire depuis le site du service public :<\/p>\n\n\n\n<p><a href=\"https:\/\/www.service-public.fr\/particuliers\/vosdroits\/R45668\">Pr\u00e9-demande de carte d&rsquo;identit\u00e9 (Service en ligne) | service-public.fr<\/a><\/p>\n\n\n\n<div style=\"height:27px\" aria-hidden=\"true\" class=\"wp-block-spacer\"><\/div>\n\n\n\n<h4 class=\"wp-block-heading\">Passeport<\/h4>\n\n\n\n<p>Retirer un formulaire en mairie.&nbsp;<\/p>\n\n\n\n<p>Pi\u00e8ces \u00e0 fournir&nbsp;<strong>pour toute demande<\/strong>&nbsp;:<\/p>\n\n\n\n<ul class=\"wp-block-list\"><li>2 photos d&rsquo;identit\u00e9<\/li><li>1 justificatif de domicile<\/li><li>un timbre fiscal (86\u20ac pour un adulte, 42\u20ac pour un enfant de 15 \u00e0 18 ans et 17\u20ac pour les moins de 15 ans)<\/li><li>copie de l&rsquo;ancien passeport<\/li><li>acte de naissance (si 1\u00e8re demande)<\/li><li>photocopie des cartes d&rsquo;identit\u00e9 des parents (si mineur)&nbsp;<\/li><\/ul>\n\n\n\n<p><strong>\u00a0D\u00e9p\u00f4t du dossier et empreintes \u00e0 la mairie de Lun\u00e9ville.<\/strong><\/p>\n\n\n\n<p>Vous pouvez \u00e9galement pr\u00e9remplir un formulaire depuis le site du service public :<\/p>\n\n\n\n<p><a href=\"https:\/\/www.service-public.fr\/particuliers\/vosdroits\/R42946\">Pr\u00e9-demande de passeport (Service en ligne) | service-public.fr<\/a><\/p>\n","protected":false},"excerpt":{"rendered":"<p>Carte d&rsquo;identit\u00e9 Retirer un dossier dans votre mairie. Pi\u00e8ces \u00e0 fournir&nbsp;pour toute demande&nbsp;: 2 photos d&rsquo;identit\u00e9 1 justificatif de domicile la copie d&rsquo;une pi\u00e8ce d&rsquo;identit\u00e9 acte de naissance (si 1\u00e8re demande) d\u00e9claration de perte\/vol et timbre fiscal \u00e0 25\u20ac (uniquement en cas de perte\/vol) photocopie des cartes d&rsquo;identit\u00e9 des parents (si mineur)&nbsp; D\u00e9p\u00f4t du dossier <a href=\"https:\/\/mont-sur-meurthe.fr\/index.php\/carte-nationale-didentite-passeport\/\" class=\"read-more below\">READ MORE<\/a><\/p>\n","protected":false},"author":1,"featured_media":0,"parent":0,"menu_order":0,"comment_status":"closed","ping_status":"closed","template":"","meta":{"_monsterinsights_skip_tracking":false,"_monsterinsights_sitenote_active":false,"_monsterinsights_sitenote_note":"","_monsterinsights_sitenote_category":0,"_uf_show_specific_survey":0,"_uf_disable_surveys":false,"footnotes":""},"class_list":["post-5119","page","type-page","status-publish","hentry"],"aioseo_notices":[],"_links":{"self":[{"href":"https:\/\/mont-sur-meurthe.fr\/index.php\/wp-json\/wp\/v2\/pages\/5119","targetHints":{"allow":["GET"]}}],"collection":[{"href":"https:\/\/mont-sur-meurthe.fr\/index.php\/wp-json\/wp\/v2\/pages"}],"about":[{"href":"https:\/\/mont-sur-meurthe.fr\/index.php\/wp-json\/wp\/v2\/types\/page"}],"author":[{"embeddable":true,"href":"https:\/\/mont-sur-meurthe.fr\/index.php\/wp-json\/wp\/v2\/users\/1"}],"replies":[{"embeddable":true,"href":"https:\/\/mont-sur-meurthe.fr\/index.php\/wp-json\/wp\/v2\/comments?post=5119"}],"version-history":[{"count":6,"href":"https:\/\/mont-sur-meurthe.fr\/index.php\/wp-json\/wp\/v2\/pages\/5119\/revisions"}],"predecessor-version":[{"id":5803,"href":"https:\/\/mont-sur-meurthe.fr\/index.php\/wp-json\/wp\/v2\/pages\/5119\/revisions\/5803"}],"wp:attachment":[{"href":"https:\/\/mont-sur-meurthe.fr\/index.php\/wp-json\/wp\/v2\/media?parent=5119"}],"curies":[{"name":"wp","href":"https:\/\/api.w.org\/{rel}","templated":true}]}}