{"id":5170,"date":"2022-03-19T18:42:49","date_gmt":"2022-03-19T17:42:49","guid":{"rendered":"http:\/\/mont-sur-meurthe.fr\/?page_id=5170"},"modified":"2022-04-08T11:39:54","modified_gmt":"2022-04-08T09:39:54","slug":"nouveaux-arrivants","status":"publish","type":"page","link":"https:\/\/mont-sur-meurthe.fr\/index.php\/nouveaux-arrivants\/","title":{"rendered":"Nouveaux arrivants"},"content":{"rendered":"\n<div class=\"wp-block-image\"><figure class=\"aligncenter size-full\"><img fetchpriority=\"high\" decoding=\"async\" width=\"722\" height=\"208\" src=\"https:\/\/mont-sur-meurthe.fr\/wp-content\/uploads\/2022\/03\/Arrivee_Ala1.png\" alt=\"\" class=\"wp-image-5755\" srcset=\"https:\/\/mont-sur-meurthe.fr\/wp-content\/uploads\/2022\/03\/Arrivee_Ala1.png 722w, https:\/\/mont-sur-meurthe.fr\/wp-content\/uploads\/2022\/03\/Arrivee_Ala1-300x86.png 300w, https:\/\/mont-sur-meurthe.fr\/wp-content\/uploads\/2022\/03\/Arrivee_Ala1-600x173.png 600w\" sizes=\"(max-width: 722px) 100vw, 722px\" \/><\/figure><\/div>\n\n\n\n<p>Emm\u00e9nager dans une nouvelle commune constitue une \u00e9tape importante pour une famille.<\/p>\n\n\n\n<p>Vous venez d\u2019arriver \u00e0 Mont-sur-Meurthe&nbsp;: la Mairie est \u00e0 votre disposition pour faciliter votre arriv\u00e9e, vous orienter dans vos d\u00e9marches, vous informer et vous faire d\u00e9couvrir la commune et son environnement.<\/p>\n\n\n\n<div style=\"height:33px\" aria-hidden=\"true\" class=\"wp-block-spacer\"><\/div>\n\n\n\n<h4 class=\"wp-block-heading\">Liste \u00e9lectorale et population<\/h4>\n\n\n\n<p>S&rsquo;inscrire en mairie, se munir d&rsquo;une pi\u00e8ce d&rsquo;identit\u00e9.<\/p>\n\n\n\n<p><\/p>\n","protected":false},"excerpt":{"rendered":"<p>Emm\u00e9nager dans une nouvelle commune constitue une \u00e9tape importante pour une famille. Vous venez d\u2019arriver \u00e0 Mont-sur-Meurthe&nbsp;: la Mairie est \u00e0 votre disposition pour faciliter votre arriv\u00e9e, vous orienter dans vos d\u00e9marches, vous informer et vous faire d\u00e9couvrir la commune et son environnement. Liste \u00e9lectorale et population S&rsquo;inscrire en mairie, se munir d&rsquo;une pi\u00e8ce d&rsquo;identit\u00e9.<\/p>\n","protected":false},"author":1,"featured_media":0,"parent":0,"menu_order":0,"comment_status":"closed","ping_status":"closed","template":"","meta":{"_monsterinsights_skip_tracking":false,"_monsterinsights_sitenote_active":false,"_monsterinsights_sitenote_note":"","_monsterinsights_sitenote_category":0,"_uf_show_specific_survey":0,"_uf_disable_surveys":false,"footnotes":""},"class_list":["post-5170","page","type-page","status-publish","hentry"],"aioseo_notices":[],"_links":{"self":[{"href":"https:\/\/mont-sur-meurthe.fr\/index.php\/wp-json\/wp\/v2\/pages\/5170","targetHints":{"allow":["GET"]}}],"collection":[{"href":"https:\/\/mont-sur-meurthe.fr\/index.php\/wp-json\/wp\/v2\/pages"}],"about":[{"href":"https:\/\/mont-sur-meurthe.fr\/index.php\/wp-json\/wp\/v2\/types\/page"}],"author":[{"embeddable":true,"href":"https:\/\/mont-sur-meurthe.fr\/index.php\/wp-json\/wp\/v2\/users\/1"}],"replies":[{"embeddable":true,"href":"https:\/\/mont-sur-meurthe.fr\/index.php\/wp-json\/wp\/v2\/comments?post=5170"}],"version-history":[{"count":4,"href":"https:\/\/mont-sur-meurthe.fr\/index.php\/wp-json\/wp\/v2\/pages\/5170\/revisions"}],"predecessor-version":[{"id":5796,"href":"https:\/\/mont-sur-meurthe.fr\/index.php\/wp-json\/wp\/v2\/pages\/5170\/revisions\/5796"}],"wp:attachment":[{"href":"https:\/\/mont-sur-meurthe.fr\/index.php\/wp-json\/wp\/v2\/media?parent=5170"}],"curies":[{"name":"wp","href":"https:\/\/api.w.org\/{rel}","templated":true}]}}