{"id":5206,"date":"2022-03-19T19:10:40","date_gmt":"2022-03-19T18:10:40","guid":{"rendered":"http:\/\/mont-sur-meurthe.fr\/?page_id=5206"},"modified":"2025-10-19T14:26:32","modified_gmt":"2025-10-19T12:26:32","slug":"cimetiere","status":"publish","type":"page","link":"https:\/\/mont-sur-meurthe.fr\/index.php\/cimetiere\/","title":{"rendered":"Cimeti\u00e8re"},"content":{"rendered":"<div class=\"wp-block-image\">\n<figure class=\"aligncenter size-full is-resized\"><img fetchpriority=\"high\" decoding=\"async\" width=\"800\" height=\"533\" src=\"https:\/\/mont-sur-meurthe.fr\/wp-content\/uploads\/2022\/03\/cimetiere.jpg\" alt=\"\" class=\"wp-image-5712\" style=\"width:544px;height:362px\" srcset=\"https:\/\/mont-sur-meurthe.fr\/wp-content\/uploads\/2022\/03\/cimetiere.jpg 800w, https:\/\/mont-sur-meurthe.fr\/wp-content\/uploads\/2022\/03\/cimetiere-300x200.jpg 300w, https:\/\/mont-sur-meurthe.fr\/wp-content\/uploads\/2022\/03\/cimetiere-768x512.jpg 768w, https:\/\/mont-sur-meurthe.fr\/wp-content\/uploads\/2022\/03\/cimetiere-600x400.jpg 600w, https:\/\/mont-sur-meurthe.fr\/wp-content\/uploads\/2022\/03\/cimetiere-272x182.jpg 272w\" sizes=\"(max-width: 800px) 100vw, 800px\" \/><\/figure>\n<\/div>\n\n\n<h4 class=\"wp-block-heading\">HORAIRES D&rsquo;OUVERTURE<\/h4>\n\n\n\n<p>&nbsp;8h-20h en \u00e9t\u00e9 et&nbsp;8h-17h en hiver<\/p>\n\n\n\n<div style=\"height:37px\" aria-hidden=\"true\" class=\"wp-block-spacer\"><\/div>\n\n\n\n<h4 class=\"wp-block-heading\">QUI PEUT \u00caTRE INHUM\u00c9 ?<\/h4>\n\n\n\n<ul class=\"wp-block-list\">\n<li>les personnes d\u00e9c\u00e9d\u00e9es sur le territoire de la commune quel que soit leur domicile,<\/li>\n\n\n\n<li>les personnes domicili\u00e9es \u00e0 Mont sur Meurthe, alors m\u00eame qu&rsquo;elles seraient d\u00e9c\u00e9d\u00e9es dans une autre commune,<\/li>\n\n\n\n<li>les personnes non domicili\u00e9es dans la commune, mais y ayant une s\u00e9pulture de famille dans le cimeti\u00e8re de Mont sur Meurthe.<\/li>\n<\/ul>\n\n\n\n<div style=\"height:37px\" aria-hidden=\"true\" class=\"wp-block-spacer\"><\/div>\n\n\n\n<h4 class=\"wp-block-heading\">ACHAT ET RENOUVELLEMENT DES CONCESSIONS DE S\u00c9PULTURE<\/h4>\n\n\n\n<ul class=\"wp-block-list\">\n<li>concession simple : 30 ans 200 \u20ac, 50 ans 270 \u20ac<\/li>\n\n\n\n<li>concession double : 30 ans 300 \u20ac, 50 ans 440 \u20ac\u00a0<\/li>\n\n\n\n<li>columbarium : 30 ans 1 000 \u20ac, 500\u20ac pour le renouvellement 30 ans<\/li>\n\n\n\n<li>cavurne : 30 ans 1 200 \u20ac, 600 \u20ac pour le renouvellement 30 ans<\/li>\n<\/ul>\n\n\n\n<div style=\"height:37px\" aria-hidden=\"true\" class=\"wp-block-spacer\"><\/div>\n\n\n\n<h4 class=\"wp-block-heading\">JARDIN DU SOUVENIR<\/h4>\n\n\n\n<p>Dans le but de r\u00e9pondre aux besoins des familles, la commune a agenc\u00e9 dans l\u2019espace cin\u00e9raire du cimeti\u00e8re, un jardin du souvenir o\u00f9 pourront \u00eatre dispers\u00e9es les cendres des d\u00e9funts.<br>Possibilit\u00e9 d\u2019inscrire le nom du d\u00e9funt sur la grande colonne.<br><strong>Renseignements en mairie.<\/strong><\/p>\n\n\n<div class=\"wp-block-image\">\n<figure class=\"aligncenter size-full\"><img decoding=\"async\" width=\"469\" height=\"313\" src=\"https:\/\/mont-sur-meurthe.fr\/wp-content\/uploads\/2022\/03\/jds1.jpg\" alt=\"\" class=\"wp-image-5713\" srcset=\"https:\/\/mont-sur-meurthe.fr\/wp-content\/uploads\/2022\/03\/jds1.jpg 469w, https:\/\/mont-sur-meurthe.fr\/wp-content\/uploads\/2022\/03\/jds1-300x200.jpg 300w, https:\/\/mont-sur-meurthe.fr\/wp-content\/uploads\/2022\/03\/jds1-272x182.jpg 272w\" sizes=\"(max-width: 469px) 100vw, 469px\" \/><\/figure>\n<\/div>","protected":false},"excerpt":{"rendered":"<p>HORAIRES D&rsquo;OUVERTURE &nbsp;8h-20h en \u00e9t\u00e9 et&nbsp;8h-17h en hiver QUI PEUT \u00caTRE INHUM\u00c9 ? ACHAT ET RENOUVELLEMENT DES CONCESSIONS DE S\u00c9PULTURE JARDIN DU SOUVENIR Dans le but de r\u00e9pondre aux besoins des familles, la commune a agenc\u00e9 dans l\u2019espace cin\u00e9raire du cimeti\u00e8re, un jardin du souvenir o\u00f9 pourront \u00eatre dispers\u00e9es les cendres des d\u00e9funts.Possibilit\u00e9 d\u2019inscrire le <a href=\"https:\/\/mont-sur-meurthe.fr\/index.php\/cimetiere\/\" class=\"read-more below\">READ MORE<\/a><\/p>\n","protected":false},"author":1,"featured_media":0,"parent":0,"menu_order":0,"comment_status":"closed","ping_status":"closed","template":"","meta":{"_monsterinsights_skip_tracking":false,"_monsterinsights_sitenote_active":false,"_monsterinsights_sitenote_note":"","_monsterinsights_sitenote_category":0,"_uf_show_specific_survey":0,"_uf_disable_surveys":false,"footnotes":""},"class_list":["post-5206","page","type-page","status-publish","hentry"],"aioseo_notices":[],"_links":{"self":[{"href":"https:\/\/mont-sur-meurthe.fr\/index.php\/wp-json\/wp\/v2\/pages\/5206","targetHints":{"allow":["GET"]}}],"collection":[{"href":"https:\/\/mont-sur-meurthe.fr\/index.php\/wp-json\/wp\/v2\/pages"}],"about":[{"href":"https:\/\/mont-sur-meurthe.fr\/index.php\/wp-json\/wp\/v2\/types\/page"}],"author":[{"embeddable":true,"href":"https:\/\/mont-sur-meurthe.fr\/index.php\/wp-json\/wp\/v2\/users\/1"}],"replies":[{"embeddable":true,"href":"https:\/\/mont-sur-meurthe.fr\/index.php\/wp-json\/wp\/v2\/comments?post=5206"}],"version-history":[{"count":7,"href":"https:\/\/mont-sur-meurthe.fr\/index.php\/wp-json\/wp\/v2\/pages\/5206\/revisions"}],"predecessor-version":[{"id":6038,"href":"https:\/\/mont-sur-meurthe.fr\/index.php\/wp-json\/wp\/v2\/pages\/5206\/revisions\/6038"}],"wp:attachment":[{"href":"https:\/\/mont-sur-meurthe.fr\/index.php\/wp-json\/wp\/v2\/media?parent=5206"}],"curies":[{"name":"wp","href":"https:\/\/api.w.org\/{rel}","templated":true}]}}