{"id":5213,"date":"2022-03-19T19:13:20","date_gmt":"2022-03-19T18:13:20","guid":{"rendered":"http:\/\/mont-sur-meurthe.fr\/?page_id=5213"},"modified":"2024-10-01T14:28:16","modified_gmt":"2024-10-01T12:28:16","slug":"dates-de-chasse","status":"publish","type":"page","link":"https:\/\/mont-sur-meurthe.fr\/index.php\/dates-de-chasse\/","title":{"rendered":"Dates de chasse"},"content":{"rendered":"\t\t<div data-elementor-type=\"wp-page\" data-elementor-id=\"5213\" class=\"elementor elementor-5213\">\n\t\t\t\t\t\t<section class=\"elementor-section elementor-top-section elementor-element elementor-element-646a24cb elementor-section-boxed elementor-section-height-default elementor-section-height-default\" data-id=\"646a24cb\" data-element_type=\"section\" data-e-type=\"section\">\n\t\t\t\t\t\t<div class=\"elementor-container elementor-column-gap-default\">\n\t\t\t\t\t<div class=\"elementor-column elementor-col-100 elementor-top-column elementor-element elementor-element-1cd778a\" data-id=\"1cd778a\" data-element_type=\"column\" data-e-type=\"column\">\n\t\t\t<div class=\"elementor-widget-wrap elementor-element-populated\">\n\t\t\t\t\t\t<div class=\"elementor-element elementor-element-1a2e5ce3 elementor-widget elementor-widget-text-editor\" data-id=\"1a2e5ce3\" data-element_type=\"widget\" data-e-type=\"widget\" data-widget_type=\"text-editor.default\">\n\t\t\t\t<div class=\"elementor-widget-container\">\n\t\t\t\t\t\t\t\t\t<p><\/p>\n<div>\n<figure><img fetchpriority=\"high\" decoding=\"async\" src=\"https:\/\/mont-sur-meurthe.fr\/wp-content\/uploads\/2022\/03\/Chasse.jpg\" alt=\"\" width=\"376\" height=\"212\" \/><\/figure>\n<\/div>\n<p><\/p>\n<p><\/p>\n<p>La date d\u2019ouverture g\u00e9n\u00e9rale de la chasse \u00e0 tir dans le d\u00e9partement de Meurthe-et-Moselle est fix\u00e9e le 17 septembre 2023 \u00e0 08 heures et celle de la cl\u00f4ture g\u00e9n\u00e9rale le 29 f\u00e9vrier 2024 au soir.\u00a0<\/p>\n<p><a href=\"https:\/\/mont-sur-meurthe.fr\/wp-content\/uploads\/2023\/05\/AP-22-ouverture-fermeture-chasse-2023-2024.pdf\" target=\"_blank\" rel=\"noopener\">T\u00e9l\u00e9charger l\u2019arr\u00eat\u00e9 pr\u00e9fectoral<\/a><\/p>\n<p><span style=\"color: #788f98;\">\u00a0Le calendrier de chasse pour l&rsquo;ACCA :\u00a0<\/span><span style=\"font-size: 14px; letter-spacing: 0px; color: #788f98;\">\u00a0<\/span><a style=\"font-family: 'Open Sans', sans-serif; font-size: 14px; font-style: normal; letter-spacing: 0px;\" href=\"https:\/\/mont-sur-meurthe.fr\/wp-content\/uploads\/2024\/10\/Chasse2024-25-ACCA.pdf\" target=\"_blank\" rel=\"noopener\">T\u00e9l\u00e9charger les dates de chasse de l&rsquo;ACCA<\/a><\/p>\n<p><span style=\"font-family: 'Open Sans', sans-serif; font-size: 14px; font-style: normal; color: #788f98;\">Le calendrier de chasse pour M. CONE :\u00a0<\/span><span style=\"font-family: 'Open Sans', sans-serif; font-size: 14px; font-style: normal; letter-spacing: 0px; color: #788f98;\">\u00a0<\/span><a style=\"font-family: 'Open Sans', sans-serif; font-size: 14px; font-style: normal; letter-spacing: 0px;\" href=\"https:\/\/mont-sur-meurthe.fr\/wp-content\/uploads\/2024\/10\/Chasse2024-25-CONE.pdf\" target=\"_blank\" rel=\"noopener\">T\u00e9l\u00e9charger les dates de chasse de M. CONE<\/a><\/p>\n<p>&nbsp;<\/p>\n<p><\/p>\t\t\t\t\t\t\t\t<\/div>\n\t\t\t\t<\/div>\n\t\t\t\t\t<\/div>\n\t\t<\/div>\n\t\t\t\t\t<\/div>\n\t\t<\/section>\n\t\t\t\t<section class=\"elementor-section elementor-top-section elementor-element elementor-element-d894c2b elementor-section-boxed elementor-section-height-default elementor-section-height-default\" data-id=\"d894c2b\" data-element_type=\"section\" data-e-type=\"section\">\n\t\t\t\t\t\t<div class=\"elementor-container elementor-column-gap-default\">\n\t\t\t\t\t<div class=\"elementor-column elementor-col-100 elementor-top-column elementor-element elementor-element-7994ab0\" data-id=\"7994ab0\" data-element_type=\"column\" data-e-type=\"column\">\n\t\t\t<div class=\"elementor-widget-wrap\">\n\t\t\t\t\t\t\t<\/div>\n\t\t<\/div>\n\t\t\t\t\t<\/div>\n\t\t<\/section>\n\t\t\t\t<\/div>\n\t\t","protected":false},"excerpt":{"rendered":"<p>La date d\u2019ouverture g\u00e9n\u00e9rale de la chasse \u00e0 tir dans le d\u00e9partement de Meurthe-et-Moselle est fix\u00e9e le 17 septembre 2023 \u00e0 08 heures et celle de la cl\u00f4ture g\u00e9n\u00e9rale le 29 f\u00e9vrier 2024 au soir.\u00a0 T\u00e9l\u00e9charger l\u2019arr\u00eat\u00e9 pr\u00e9fectoral \u00a0Le calendrier de chasse pour l&rsquo;ACCA :\u00a0\u00a0T\u00e9l\u00e9charger les dates de chasse de l&rsquo;ACCA Le calendrier de chasse <a href=\"https:\/\/mont-sur-meurthe.fr\/index.php\/dates-de-chasse\/\" class=\"read-more below\">READ MORE<\/a><\/p>\n","protected":false},"author":1,"featured_media":0,"parent":0,"menu_order":0,"comment_status":"closed","ping_status":"closed","template":"","meta":{"_monsterinsights_skip_tracking":false,"_monsterinsights_sitenote_active":false,"_monsterinsights_sitenote_note":"","_monsterinsights_sitenote_category":0,"_uf_show_specific_survey":0,"_uf_disable_surveys":false,"footnotes":""},"class_list":["post-5213","page","type-page","status-publish","hentry"],"aioseo_notices":[],"_links":{"self":[{"href":"https:\/\/mont-sur-meurthe.fr\/index.php\/wp-json\/wp\/v2\/pages\/5213","targetHints":{"allow":["GET"]}}],"collection":[{"href":"https:\/\/mont-sur-meurthe.fr\/index.php\/wp-json\/wp\/v2\/pages"}],"about":[{"href":"https:\/\/mont-sur-meurthe.fr\/index.php\/wp-json\/wp\/v2\/types\/page"}],"author":[{"embeddable":true,"href":"https:\/\/mont-sur-meurthe.fr\/index.php\/wp-json\/wp\/v2\/users\/1"}],"replies":[{"embeddable":true,"href":"https:\/\/mont-sur-meurthe.fr\/index.php\/wp-json\/wp\/v2\/comments?post=5213"}],"version-history":[{"count":37,"href":"https:\/\/mont-sur-meurthe.fr\/index.php\/wp-json\/wp\/v2\/pages\/5213\/revisions"}],"predecessor-version":[{"id":5971,"href":"https:\/\/mont-sur-meurthe.fr\/index.php\/wp-json\/wp\/v2\/pages\/5213\/revisions\/5971"}],"wp:attachment":[{"href":"https:\/\/mont-sur-meurthe.fr\/index.php\/wp-json\/wp\/v2\/media?parent=5213"}],"curies":[{"name":"wp","href":"https:\/\/api.w.org\/{rel}","templated":true}]}}