{"id":5220,"date":"2022-03-19T19:21:04","date_gmt":"2022-03-19T18:21:04","guid":{"rendered":"http:\/\/mont-sur-meurthe.fr\/?page_id=5220"},"modified":"2022-03-21T14:36:38","modified_gmt":"2022-03-21T13:36:38","slug":"numeros-durgence","status":"publish","type":"page","link":"https:\/\/mont-sur-meurthe.fr\/index.php\/numeros-durgence\/","title":{"rendered":"Num\u00e9ros d&rsquo;urgence"},"content":{"rendered":"\n<div class=\"wp-block-image\"><figure class=\"alignright is-resized\"><img fetchpriority=\"high\" decoding=\"async\" src=\"https:\/\/www.gerbeviller.fr\/wp-content\/uploads\/2015\/08\/num%C3%A9ro-durgence1.jpg\" alt=\"num\u00e9ro d'urgence1\" class=\"wp-image-1172\" width=\"360\" height=\"213\"\/><\/figure><\/div>\n\n\n\n<p>Les num\u00e9ros d\u2019appel d\u2019urgence permettent de joindre gratuitement les secours 24h\/24.<\/p>\n\n\n\n<p>Dans tous les cas, pour faciliter et acc\u00e9l\u00e9rer le traitement de votre appel,<strong>&nbsp;<\/strong>veillez \u00e0 pr\u00e9ciser les 3 points suivants&nbsp;:<\/p>\n\n\n\n<ul class=\"wp-block-list\"><li><strong>Qui suis-je<\/strong>? Vous \u00eates victime, t\u00e9moin\u2026 &nbsp;Donnez un num\u00e9ro de t\u00e9l\u00e9phone sur lequel vous restez joignable.<\/li><li><strong>O\u00f9 suis-je<\/strong>? Donnez l\u2019adresse pr\u00e9cise de l\u2019endroit o\u00f9 les services doivent intervenir surtout si vous n\u2019\u00eates pas sur place.<\/li><li><strong>Pourquoi j\u2019appelle&nbsp;<\/strong>? Pr\u00e9cisez les motifs de votre appel.<\/li><\/ul>\n\n\n\n<p><strong>&nbsp;<\/strong><strong>15&nbsp;&nbsp;&nbsp;&nbsp; SAMU&nbsp;<\/strong>:<\/p>\n\n\n\n<p>Service d\u2019aide m\u00e9dical urgent : pour obtenir l\u2019intervention d\u2019une \u00e9quipe m\u00e9dicale lors d\u2019une situation de d\u00e9tresse vitale, ainsi que pour \u00eatre redirig\u00e9 vers un organisme de permanence de soins.<\/p>\n\n\n\n<p><strong>17&nbsp;&nbsp;&nbsp;&nbsp; POLICE SECOURS :<\/strong><\/p>\n\n\n\n<p>Pour signaler une infraction qui n\u00e9cessite l\u2019intervention imm\u00e9diate de la police.<\/p>\n\n\n\n<p><strong>18&nbsp;&nbsp;&nbsp;&nbsp; SAPEURS-POMPIERS :<\/strong><\/p>\n\n\n\n<p>Pour signaler une situation de p\u00e9ril ou un accident concernant des biens ou des personnes et obtenir leur intervention rapide.<\/p>\n\n\n\n<p><strong>112&nbsp;&nbsp;&nbsp; N\u00b0 d\u2019appel d\u2019urgence europ\u00e9en<\/strong>&nbsp;:<\/p>\n\n\n\n<p>Si vous \u00eates victime ou t\u00e9moin d\u2019un accident dans un pays de l\u2019Union Europ\u00e9enne.<\/p>\n\n\n\n<p><strong>114&nbsp;&nbsp;&nbsp; N\u00b0 d\u2019urgence pour les personnes sourdes et malentendantes :<\/strong><\/p>\n\n\n\n<p>Si vous \u00eates victime ou t\u00e9moin d\u2019une situation d\u2019urgence qui n\u00e9cessite l\u2019intervention des services de secours. N\u00b0 accessible par fax et SMS.<\/p>\n\n\n\n<p><strong>115&nbsp;&nbsp;&nbsp; SAMU social :<\/strong><\/p>\n\n\n\n<p>Urgence sociale.<\/p>\n\n\n\n<p><strong>119&nbsp;&nbsp;&nbsp; Allo enfance maltrait\u00e9e<\/strong><\/p>\n\n\n\n<p><strong>3919&nbsp;&nbsp; Violences conjugales<\/strong><\/p>\n\n\n\n<p><strong>09 726 750 54&nbsp; &nbsp; &nbsp; Enedis \u2013 service d\u00e9pannage urgence r\u00e9seau \u00e9lectrique<\/strong><\/p>\n\n\n\n<p><strong>0 800 47 33 33&nbsp; &nbsp; &nbsp;GRDF \u2013 service d\u00e9pannage urgence r\u00e9seau gaz<\/strong><\/p>\n","protected":false},"excerpt":{"rendered":"<p>Les num\u00e9ros d\u2019appel d\u2019urgence permettent de joindre gratuitement les secours 24h\/24. Dans tous les cas, pour faciliter et acc\u00e9l\u00e9rer le traitement de votre appel,&nbsp;veillez \u00e0 pr\u00e9ciser les 3 points suivants&nbsp;: Qui suis-je? Vous \u00eates victime, t\u00e9moin\u2026 &nbsp;Donnez un num\u00e9ro de t\u00e9l\u00e9phone sur lequel vous restez joignable. O\u00f9 suis-je? Donnez l\u2019adresse pr\u00e9cise de l\u2019endroit o\u00f9 les <a href=\"https:\/\/mont-sur-meurthe.fr\/index.php\/numeros-durgence\/\" class=\"read-more below\">READ MORE<\/a><\/p>\n","protected":false},"author":1,"featured_media":0,"parent":0,"menu_order":0,"comment_status":"closed","ping_status":"closed","template":"","meta":{"_monsterinsights_skip_tracking":false,"_monsterinsights_sitenote_active":false,"_monsterinsights_sitenote_note":"","_monsterinsights_sitenote_category":0,"_uf_show_specific_survey":0,"_uf_disable_surveys":false,"footnotes":""},"class_list":["post-5220","page","type-page","status-publish","hentry"],"aioseo_notices":[],"_links":{"self":[{"href":"https:\/\/mont-sur-meurthe.fr\/index.php\/wp-json\/wp\/v2\/pages\/5220","targetHints":{"allow":["GET"]}}],"collection":[{"href":"https:\/\/mont-sur-meurthe.fr\/index.php\/wp-json\/wp\/v2\/pages"}],"about":[{"href":"https:\/\/mont-sur-meurthe.fr\/index.php\/wp-json\/wp\/v2\/types\/page"}],"author":[{"embeddable":true,"href":"https:\/\/mont-sur-meurthe.fr\/index.php\/wp-json\/wp\/v2\/users\/1"}],"replies":[{"embeddable":true,"href":"https:\/\/mont-sur-meurthe.fr\/index.php\/wp-json\/wp\/v2\/comments?post=5220"}],"version-history":[{"count":3,"href":"https:\/\/mont-sur-meurthe.fr\/index.php\/wp-json\/wp\/v2\/pages\/5220\/revisions"}],"predecessor-version":[{"id":5304,"href":"https:\/\/mont-sur-meurthe.fr\/index.php\/wp-json\/wp\/v2\/pages\/5220\/revisions\/5304"}],"wp:attachment":[{"href":"https:\/\/mont-sur-meurthe.fr\/index.php\/wp-json\/wp\/v2\/media?parent=5220"}],"curies":[{"name":"wp","href":"https:\/\/api.w.org\/{rel}","templated":true}]}}